{"id":10,"date":"2018-06-06T20:08:01","date_gmt":"2018-06-06T20:08:01","guid":{"rendered":"http:\/\/panomarketim.com\/?page_id=10"},"modified":"2021-10-18T20:33:02","modified_gmt":"2021-10-18T20:33:02","slug":"bize-ulasin","status":"publish","type":"page","link":"https:\/\/panomarketim.com\/index.php\/bize-ulasin\/","title":{"rendered":"Bize ula\u015f\u0131n"},"content":{"rendered":"<p class=\"section-hero-header-title\">F\u0130RUZK\u00d6Y MH HASAN \u00d6NAL CD DALGA SK NO:6 D1 AVCILAR \u0130STANBUL<\/p>\n<p>Tel: <a href=\"tel:+905303091515\">0530 309 15 15<\/a><\/p>\n<p>E-mail: <a href=\"mailto:senelektrikmuhendislik@gmail.com\">senelektrikmuhendislik@gmail.com<\/a><\/p>\n<p><iframe loading=\"lazy\" style=\"border: 0;\" src=\"https:\/\/www.google.com\/maps\/embed?pb=!1m18!1m12!1m3!1d3010.4703277141743!2d28.704313115277376!3d41.01496507930012!2m3!1f0!2f0!3f0!3m2!1i1024!2i768!4f13.1!3m3!1m2!1s0x14caa0c2e10500e1%3A0x963caf467c49dec4!2zRmlydXprw7Z5LCBEYWxnYSBTay4gTm86NiBEOjEsIDM0MzI1IEF2Y8SxbGFyL8Swc3RhbmJ1bA!5e0!3m2!1str!2str!4v1634589255101!5m2!1str!2str\" width=\"100%\" height=\"100%\" allowfullscreen=\"allowfullscreen\"><\/iframe><\/p>\n","protected":false},"excerpt":{"rendered":"<p>F\u0130RUZK\u00d6Y MH HASAN \u00d6NAL CD DALGA SK NO:6 D1 AVCILAR \u0130STANBUL Tel: 0530 309 15 15 E-mail: senelektrikmuhendislik@gmail.com<\/p>\n","protected":false},"author":1,"featured_media":0,"parent":0,"menu_order":0,"comment_status":"closed","ping_status":"closed","template":"","meta":{"footnotes":""},"class_list":["post-10","page","type-page","status-publish","hentry"],"_links":{"self":[{"href":"https:\/\/panomarketim.com\/index.php\/wp-json\/wp\/v2\/pages\/10","targetHints":{"allow":["GET"]}}],"collection":[{"href":"https:\/\/panomarketim.com\/index.php\/wp-json\/wp\/v2\/pages"}],"about":[{"href":"https:\/\/panomarketim.com\/index.php\/wp-json\/wp\/v2\/types\/page"}],"author":[{"embeddable":true,"href":"https:\/\/panomarketim.com\/index.php\/wp-json\/wp\/v2\/users\/1"}],"replies":[{"embeddable":true,"href":"https:\/\/panomarketim.com\/index.php\/wp-json\/wp\/v2\/comments?post=10"}],"version-history":[{"count":7,"href":"https:\/\/panomarketim.com\/index.php\/wp-json\/wp\/v2\/pages\/10\/revisions"}],"predecessor-version":[{"id":618,"href":"https:\/\/panomarketim.com\/index.php\/wp-json\/wp\/v2\/pages\/10\/revisions\/618"}],"wp:attachment":[{"href":"https:\/\/panomarketim.com\/index.php\/wp-json\/wp\/v2\/media?parent=10"}],"curies":[{"name":"wp","href":"https:\/\/api.w.org\/{rel}","templated":true}]}}